{"id":16,"date":"2024-09-27T10:58:30","date_gmt":"2024-09-27T10:58:30","guid":{"rendered":"https:\/\/ai-physicalsciences.lis-lab.fr\/?page_id=16"},"modified":"2025-05-07T06:52:48","modified_gmt":"2025-05-07T06:52:48","slug":"1ere-edition-22-novembre-2023","status":"publish","type":"page","link":"https:\/\/ai-physicalsciences.lis-lab.fr\/?page_id=16","title":{"rendered":"1st workshop: November 22, 2023, Marseille"},"content":{"rendered":"\n<figure class=\"wp-block-table\"><table class=\"has-fixed-layout\"><tbody><tr><td>11:00 &#8211; 11:10<\/td><td>Introduction de la journ\u00e9e<br>Hachem Kadri<\/td><\/tr><tr><td>11:10 &#8211; 12:00<\/td><td>Conf\u00e9rence invit\u00e9e : <strong>Physics-Informed Machine Learning for Surface Engineering<\/strong><br>Amaury Habrard<\/td><\/tr><tr><td>12:00 &#8211; 13:30<\/td><td>D\u00e9jeuner<\/td><\/tr><tr><td>13:30 &#8211; 14:10<\/td><td>Pr\u00e9sentation invit\u00e9e :<br>Ludovic de Rochefort<br><strong>AI and the physics of Magnetic Resonance Imaging<\/strong> <a href=\"https:\/\/pageperso.lis-lab.fr\/~hachem.kadri\/IAphysiqueAMU\/slides\/talk_rochefort\">[slides]<\/a><\/td><\/tr><tr><td>14:10 &#8211; 14:50<\/td><td>Pr\u00e9sentation invit\u00e9e : <br>Julien Wojak<br><strong>Machine Learning Tries for Photonics<\/strong> <a href=\"https:\/\/pageperso.lis-lab.fr\/~hachem.kadri\/IAphysiqueAMU\/slides\/talk_wojak\">[slides]<\/a><\/td><\/tr><tr><td>14:50 &#8211; 15:30<\/td><td>Pr\u00e9sentation invit\u00e9e : <br>Mario Barbatti<br><strong>Machine Learning for Quantum Chemistry<\/strong> <a href=\"https:\/\/pageperso.lis-lab.fr\/~hachem.kadri\/IAphysiqueAMU\/slides\/talk_ml4theochem_barbatti\">[slides]<\/a><\/td><\/tr><tr><td>15:30 &#8211; 16:00<\/td><td>Pause-caf\u00e9<\/td><\/tr><tr><td>16:00 &#8211; 17:00<\/td><td>Session doctorants\/postdocs:<br><strong>Loris Berthelot (LIS)<\/strong> : Encode physics information into your models <a href=\"https:\/\/pageperso.lis-lab.fr\/~hachem.kadri\/IAphysiqueAMU\/slides\/slides_berthelot\">[slides]<\/a><br><strong>Zetao Lin (I2M)<\/strong> : Synthesizing particle clustering in plasma using Neural Networks <a href=\"https:\/\/pageperso.lis-lab.fr\/~hachem.kadri\/IAphysiqueAMU\/slides\/slides_lin\">[slides]<\/a><br><strong>Nathaniel Saura (PIIM)<\/strong> : Applying AI to non-linear Physics <a href=\"https:\/\/pageperso.lis-lab.fr\/~hachem.kadri\/IAphysiqueAMU\/slides\/slides_saura\">[slides]<\/a><br><strong>Anes Saoudi (CEA)<\/strong> : Application de l&#8217;IA \u00e0 la Tomographie par Imp\u00e9dance \u00e9lectrique<\/td><\/tr><tr><td>17:00 &#8211; 17:45<\/td><td>Table ronde autour des enjeux et des d\u00e9fis de l\u2019IA-Physique et la structuration au sein d\u2019AMU<\/td><\/tr><\/tbody><\/table><\/figure>\n","protected":false},"excerpt":{"rendered":"<p>11:00 &#8211; 11:10 Introduction de la journ\u00e9eHachem Kadri 11:10 &#8211; 12:00 Conf\u00e9rence invit\u00e9e : Physics-Informed Machine Learning for Surface EngineeringAmaury Habrard 12:00 &#8211; 13:30 D\u00e9jeuner 13:30 &#8211; 14:10 Pr\u00e9sentation invit\u00e9e :Ludovic de RochefortAI and the physics of Magnetic Resonance Imaging [slides] 14:10 &#8211; 14:50 Pr\u00e9sentation invit\u00e9e : Julien WojakMachine Learning Tries for Photonics [slides] 14:50 [&hellip;]<\/p>\n","protected":false},"author":4,"featured_media":0,"parent":0,"menu_order":0,"comment_status":"closed","ping_status":"closed","template":"page-no-separators","meta":{"footnotes":""},"class_list":["post-16","page","type-page","status-publish","hentry"],"_links":{"self":[{"href":"https:\/\/ai-physicalsciences.lis-lab.fr\/index.php?rest_route=\/wp\/v2\/pages\/16","targetHints":{"allow":["GET"]}}],"collection":[{"href":"https:\/\/ai-physicalsciences.lis-lab.fr\/index.php?rest_route=\/wp\/v2\/pages"}],"about":[{"href":"https:\/\/ai-physicalsciences.lis-lab.fr\/index.php?rest_route=\/wp\/v2\/types\/page"}],"author":[{"embeddable":true,"href":"https:\/\/ai-physicalsciences.lis-lab.fr\/index.php?rest_route=\/wp\/v2\/users\/4"}],"replies":[{"embeddable":true,"href":"https:\/\/ai-physicalsciences.lis-lab.fr\/index.php?rest_route=%2Fwp%2Fv2%2Fcomments&post=16"}],"version-history":[{"count":6,"href":"https:\/\/ai-physicalsciences.lis-lab.fr\/index.php?rest_route=\/wp\/v2\/pages\/16\/revisions"}],"predecessor-version":[{"id":208,"href":"https:\/\/ai-physicalsciences.lis-lab.fr\/index.php?rest_route=\/wp\/v2\/pages\/16\/revisions\/208"}],"wp:attachment":[{"href":"https:\/\/ai-physicalsciences.lis-lab.fr\/index.php?rest_route=%2Fwp%2Fv2%2Fmedia&parent=16"}],"curies":[{"name":"wp","href":"https:\/\/api.w.org\/{rel}","templated":true}]}}